{"id":1010,"date":"2022-07-20T01:15:38","date_gmt":"2022-07-20T01:15:38","guid":{"rendered":"https:\/\/visionestrategica.elcolombiano.com\/?page_id=1010"},"modified":"2022-07-24T16:33:36","modified_gmt":"2022-07-24T16:33:36","slug":"empresas-innovadoras-de-colombia","status":"publish","type":"page","link":"https:\/\/visionestrategica.elcolombiano.com\/index.php\/empresas-innovadoras-de-colombia\/","title":{"rendered":"Empresas Innovadoras de Colombia"},"content":{"rendered":"\t\t<div data-elementor-type=\"wp-page\" data-elementor-id=\"1010\" class=\"elementor elementor-1010\">\n\t\t\t\t\t\t\t\t\t<section class=\"elementor-section elementor-top-section elementor-element elementor-element-6b62a44 elementor-section-height-min-height elementor-section-content-middle elementor-section-full_width elementor-section-height-default elementor-section-items-middle\" data-id=\"6b62a44\" data-element_type=\"section\" data-settings=\"{&quot;background_background&quot;:&quot;classic&quot;}\">\n\t\t\t\t\t\t\t<div class=\"elementor-background-overlay\"><\/div>\n\t\t\t\t\t\t\t<div class=\"elementor-container elementor-column-gap-no\">\n\t\t\t\t\t<div class=\"elementor-column elementor-col-100 elementor-top-column elementor-element elementor-element-50545d9\" data-id=\"50545d9\" data-element_type=\"column\">\n\t\t\t<div class=\"elementor-widget-wrap elementor-element-populated\">\n\t\t\t\t\t\t\t\t<div class=\"elementor-element elementor-element-642316d elementor-widget elementor-widget-heading\" data-id=\"642316d\" data-element_type=\"widget\" data-widget_type=\"heading.default\">\n\t\t\t\t<div class=\"elementor-widget-container\">\n\t\t\t<style>\/*! elementor - v3.16.0 - 20-09-2023 *\/\n.elementor-heading-title{padding:0;margin:0;line-height:1}.elementor-widget-heading .elementor-heading-title[class*=elementor-size-]>a{color:inherit;font-size:inherit;line-height:inherit}.elementor-widget-heading .elementor-heading-title.elementor-size-small{font-size:15px}.elementor-widget-heading .elementor-heading-title.elementor-size-medium{font-size:19px}.elementor-widget-heading .elementor-heading-title.elementor-size-large{font-size:29px}.elementor-widget-heading .elementor-heading-title.elementor-size-xl{font-size:39px}.elementor-widget-heading .elementor-heading-title.elementor-size-xxl{font-size:59px}<\/style><h2 class=\"elementor-heading-title elementor-size-default\">Las empresas m\u00e1s innovadoras de Colombia\u200b<\/h2>\t\t<\/div>\n\t\t\t\t<\/div>\n\t\t\t\t<div class=\"elementor-element elementor-element-b234d09 elementor-widget elementor-widget-text-editor\" data-id=\"b234d09\" data-element_type=\"widget\" data-widget_type=\"text-editor.default\">\n\t\t\t\t<div class=\"elementor-widget-container\">\n\t\t\t<style>\/*! elementor - v3.16.0 - 20-09-2023 *\/\n.elementor-widget-text-editor.elementor-drop-cap-view-stacked .elementor-drop-cap{background-color:#69727d;color:#fff}.elementor-widget-text-editor.elementor-drop-cap-view-framed .elementor-drop-cap{color:#69727d;border:3px solid;background-color:transparent}.elementor-widget-text-editor:not(.elementor-drop-cap-view-default) .elementor-drop-cap{margin-top:8px}.elementor-widget-text-editor:not(.elementor-drop-cap-view-default) .elementor-drop-cap-letter{width:1em;height:1em}.elementor-widget-text-editor .elementor-drop-cap{float:left;text-align:center;line-height:1;font-size:50px}.elementor-widget-text-editor .elementor-drop-cap-letter{display:inline-block}<\/style>\t\t\t\t<p><b>En Colombia poco se le mide el pulso a la innovaci\u00f3n empresarial. Innpulsa Colombia, por ejemplo, premi\u00f3 hace un par de meses a la startup m\u00e1s innovadora del pa\u00eds, la galardonada fue Glasst Innovation Company, una empresa dedicada a crear materiales sostenibles con la idea de que la construcci\u00f3n dejara la menor huella contaminante posible.<\/b><\/p>\t\t\t\t\t\t<\/div>\n\t\t\t\t<\/div>\n\t\t\t\t\t<\/div>\n\t\t<\/div>\n\t\t\t\t\t\t\t<\/div>\n\t\t<\/section>\n\t\t\t\t<section class=\"elementor-section elementor-top-section elementor-element elementor-element-85bdb04 elementor-section-boxed elementor-section-height-default elementor-section-height-default\" data-id=\"85bdb04\" data-element_type=\"section\" data-settings=\"{&quot;background_background&quot;:&quot;classic&quot;}\">\n\t\t\t\t\t\t<div class=\"elementor-container elementor-column-gap-default\">\n\t\t\t\t\t<div class=\"elementor-column elementor-col-100 elementor-top-column elementor-element elementor-element-9fc659b\" data-id=\"9fc659b\" data-element_type=\"column\">\n\t\t\t<div class=\"elementor-widget-wrap elementor-element-populated\">\n\t\t\t\t\t\t\t\t<div class=\"elementor-element elementor-element-bf76fe8 elementor-widget elementor-widget-text-editor\" data-id=\"bf76fe8\" data-element_type=\"widget\" data-widget_type=\"text-editor.default\">\n\t\t\t\t<div class=\"elementor-widget-container\">\n\t\t\t\t\t\t\t<p>En Colombia poco se le mide el pulso a la innovaci\u00f3n empresarial. Innpulsa Colombia, por ejemplo, premi\u00f3 hace un par de meses a la startup m\u00e1s innovadora del pa\u00eds, la galardonada fue Glasst Innovation Company, una empresa dedicada a crear materiales sostenibles con la idea de que la construcci\u00f3n dejara la menor huella contaminante posible.<\/p><p>Solo la Andi, con apoyo de la revista Dinero, viene haciendo un listado de las empresas m\u00e1s innovadoras del pa\u00eds, catalog\u00e1ndolas en orden cada a\u00f1o, pero sin precisar los factores que las hacen destacadas. El ranquin de 2021 incluye a las 30 compa\u00f1\u00edas m\u00e1s destacadas del pa\u00eds que fueron elegidas de un total de 340 firmas inscritas entre grandes (43%), medianas (26%) y peque\u00f1as (31%); las cuales, en conjunto, emplean directamente a 516.789 personas y cuyos ingresos representan el 43% del PIB de Colombia.<\/p><p>\u201cPor este Ranquin han pasado cerca de 500 organizaciones, de m\u00e1s de 18 sectores econ\u00f3micos y 17 departamentos del pa\u00eds. Puedo afirmar con satisfacci\u00f3n por las cifras analizadas en los \u00faltimos a\u00f1os, que muchas de las iniciativas de estas empresas son de alto impacto social y ambiental\u201d, se\u00f1al\u00f3 Bruce Mac Master, Presidente de la ANDI.<\/p><p>Adicionalmente, durante el 2020, las empresas del listado crearon m\u00e1s de 5.000 innovaciones que contribuyen al alcance de los objetivos de desarrollo sostenible (ODS) de la agenda 2030 y 9.000 nuevos empleos en el pa\u00eds.<\/p><p>Cabe se\u00f1alar que el departamento m\u00e1s representado en el Ranking de Innovaci\u00f3n Empresarial 2021 fue Antioquia, con el 56,6% de los finalistas; seguido por Bogot\u00e1, con el 13,3%; Valle del Cauca, con el 10%; Bol\u00edvar, con el 6,7% y Atl\u00e1ntico, Cauca, Cundinamarca y Santander, cada uno con una participaci\u00f3n del 3,3%.<\/p><p>Al revisar los resultados por sectores, el m\u00e1s innovador fue el industrial, con el 26,7%; seguido por el de alimentos con el 16,7%; el de energ\u00eda, con 13,3%, la industria qu\u00edmica, con el 10% y los segmentos de bebidas, construcci\u00f3n, dispositivos m\u00e9dicos, farmac\u00e9utico, petr\u00f3leo y gas, moda, naval, alimentos para animales, salud y tecnolog\u00eda, con el 3,3% cada uno.<\/p><p>Este es el ranquin de innovaci\u00f3n empresarial de la Andi 2021:<\/p>\t\t\t\t\t\t<\/div>\n\t\t\t\t<\/div>\n\t\t\t\t\t<\/div>\n\t\t<\/div>\n\t\t\t\t\t\t\t<\/div>\n\t\t<\/section>\n\t\t\t\t<section class=\"elementor-section elementor-top-section elementor-element elementor-element-852dc26 elementor-section-boxed elementor-section-height-default elementor-section-height-default\" data-id=\"852dc26\" data-element_type=\"section\" data-settings=\"{&quot;background_background&quot;:&quot;classic&quot;}\">\n\t\t\t\t\t\t<div class=\"elementor-container elementor-column-gap-default\">\n\t\t\t\t\t<div class=\"elementor-column elementor-col-100 elementor-top-column elementor-element elementor-element-11ac2b5\" data-id=\"11ac2b5\" data-element_type=\"column\">\n\t\t\t<div class=\"elementor-widget-wrap elementor-element-populated\">\n\t\t\t\t\t\t\t\t<div class=\"elementor-element elementor-element-d765d38 elementor-widget elementor-widget-html\" data-id=\"d765d38\" data-element_type=\"widget\" data-widget_type=\"html.default\">\n\t\t\t\t<div class=\"elementor-widget-container\">\n\t\t\t\n<table id=\"tablepress-5\" class=\"tablepress tablepress-id-5 tablepress-responsive\">\n<thead>\n<tr class=\"row-1 odd\">\n\t<th class=\"column-1\">Clasificaci\u00f3n<\/th><th class=\"column-2\">Empresa<\/th><th class=\"column-3\">Departamento<\/th><th class=\"column-4\">Sector<\/th>\n<\/tr>\n<\/thead>\n<tbody class=\"row-hover\">\n<tr class=\"row-2 even\">\n\t<td class=\"column-1\">1<\/td><td class=\"column-2\">Procaps<\/td><td class=\"column-3\">Atl\u00e1ntico<\/td><td class=\"column-4\">Farmac\u00e9utico<\/td>\n<\/tr>\n<tr class=\"row-3 odd\">\n\t<td class=\"column-1\">2<\/td><td class=\"column-2\">Ecopetrol<\/td><td class=\"column-3\">Bogot\u00e1<\/td><td class=\"column-4\">Petr\u00f3leo y gas<\/td>\n<\/tr>\n<tr class=\"row-4 even\">\n\t<td class=\"column-1\">3<\/td><td class=\"column-2\">Grupo Nutresa<\/td><td class=\"column-3\">Antioquia<\/td><td class=\"column-4\">Alimentos<\/td>\n<\/tr>\n<tr class=\"row-5 odd\">\n\t<td class=\"column-1\">4<\/td><td class=\"column-2\">Corona Industrial<\/td><td class=\"column-3\">Antioquia<\/td><td class=\"column-4\">Industria<\/td>\n<\/tr>\n<tr class=\"row-6 even\">\n\t<td class=\"column-1\">5<\/td><td class=\"column-2\">Grupo Familia<\/td><td class=\"column-3\">Antioquia<\/td><td class=\"column-4\">Industria<\/td>\n<\/tr>\n<tr class=\"row-7 odd\">\n\t<td class=\"column-1\">6<\/td><td class=\"column-2\">Alianza Team<\/td><td class=\"column-3\">Bogot\u00e1<\/td><td class=\"column-4\">Alimentos<\/td>\n<\/tr>\n<tr class=\"row-8 even\">\n\t<td class=\"column-1\">7<\/td><td class=\"column-2\">Essentia<\/td><td class=\"column-3\">Bol\u00edvar<\/td><td class=\"column-4\">Industria<\/td>\n<\/tr>\n<tr class=\"row-9 odd\">\n\t<td class=\"column-1\">8<\/td><td class=\"column-2\">Alsec Alimentos Secosa<\/td><td class=\"column-3\">Antioquia<\/td><td class=\"column-4\">Alimentos<\/td>\n<\/tr>\n<tr class=\"row-10 even\">\n\t<td class=\"column-1\">9<\/td><td class=\"column-2\">Cementos Argos<\/td><td class=\"column-3\">Antioquia<\/td><td class=\"column-4\">Industria<\/td>\n<\/tr>\n<tr class=\"row-11 odd\">\n\t<td class=\"column-1\">10<\/td><td class=\"column-2\">Sura<\/td><td class=\"column-3\">Antioquia<\/td><td class=\"column-4\">Seguros<\/td>\n<\/tr>\n<tr class=\"row-12 even\">\n\t<td class=\"column-1\">11<\/td><td class=\"column-2\">Grupo Enel Colombia<\/td><td class=\"column-3\">Bogot\u00e1<\/td><td class=\"column-4\">Energ\u00eda<\/td>\n<\/tr>\n<tr class=\"row-13 odd\">\n\t<td class=\"column-1\">12<\/td><td class=\"column-2\">Industrias M\u00e9dicas San Pedro<\/td><td class=\"column-3\">Antioquia<\/td><td class=\"column-4\">Dispositivos m\u00e9dicos<\/td>\n<\/tr>\n<tr class=\"row-14 even\">\n\t<td class=\"column-1\">13<\/td><td class=\"column-2\">Conconcreto<\/td><td class=\"column-3\">Antioquia<\/td><td class=\"column-4\">Construcci\u00f3n<\/td>\n<\/tr>\n<tr class=\"row-15 odd\">\n\t<td class=\"column-1\">14<\/td><td class=\"column-2\">Prot\u00e9ctica Ingenier\u00eda<\/td><td class=\"column-3\">Valle del Cauca<\/td><td class=\"column-4\">Industria<\/td>\n<\/tr>\n<tr class=\"row-16 even\">\n\t<td class=\"column-1\">15<\/td><td class=\"column-2\">Cotecmar<\/td><td class=\"column-3\">Bol\u00edvar<\/td><td class=\"column-4\">Industria<\/td>\n<\/tr>\n<tr class=\"row-17 odd\">\n\t<td class=\"column-1\">16<\/td><td class=\"column-2\">Wavecomm Corporation<\/td><td class=\"column-3\">Bogot\u00e1<\/td><td class=\"column-4\">Tecnolog\u00eda<\/td>\n<\/tr>\n<tr class=\"row-18 even\">\n\t<td class=\"column-1\">17<\/td><td class=\"column-2\">Essi<\/td><td class=\"column-3\">Santander<\/td><td class=\"column-4\">Industria<\/td>\n<\/tr>\n<tr class=\"row-19 odd\">\n\t<td class=\"column-1\">18<\/td><td class=\"column-2\">B. Altman<\/td><td class=\"column-3\">Valle del Cauca<\/td><td class=\"column-4\">Alimentos<\/td>\n<\/tr>\n<tr class=\"row-20 even\">\n\t<td class=\"column-1\">19<\/td><td class=\"column-2\">Bialtec<\/td><td class=\"column-3\">Antioquia<\/td><td class=\"column-4\">Alimentos<\/td>\n<\/tr>\n<tr class=\"row-21 odd\">\n\t<td class=\"column-1\">20<\/td><td class=\"column-2\">Crystal<\/td><td class=\"column-3\">Antioquia<\/td><td class=\"column-4\">Industria<\/td>\n<\/tr>\n<tr class=\"row-22 even\">\n\t<td class=\"column-1\">21<\/td><td class=\"column-2\">Tech Innovation Group<\/td><td class=\"column-3\">Antioquia<\/td><td class=\"column-4\">Industria<\/td>\n<\/tr>\n<tr class=\"row-23 odd\">\n\t<td class=\"column-1\">22<\/td><td class=\"column-2\">Haceb<\/td><td class=\"column-3\">Antioquia<\/td><td class=\"column-4\">Industria<\/td>\n<\/tr>\n<tr class=\"row-24 even\">\n\t<td class=\"column-1\">23<\/td><td class=\"column-2\">Ambiente Soluciones<\/td><td class=\"column-3\">Antioquia<\/td><td class=\"column-4\">Energ\u00eda<\/td>\n<\/tr>\n<tr class=\"row-25 odd\">\n\t<td class=\"column-1\">24<\/td><td class=\"column-2\">EPM<\/td><td class=\"column-3\">Antioquia<\/td><td class=\"column-4\">Energ\u00eda<\/td>\n<\/tr>\n<tr class=\"row-26 even\">\n\t<td class=\"column-1\">25<\/td><td class=\"column-2\">Postob\u00f3n<\/td><td class=\"column-3\">Antioquia<\/td><td class=\"column-4\">Bebidas<\/td>\n<\/tr>\n<tr class=\"row-27 odd\">\n\t<td class=\"column-1\">26<\/td><td class=\"column-2\">Celsia<\/td><td class=\"column-3\">Valle del Cauca<\/td><td class=\"column-4\">Energ\u00eda<\/td>\n<\/tr>\n<tr class=\"row-28 even\">\n\t<td class=\"column-1\">27<\/td><td class=\"column-2\">Supracaf\u00e9<\/td><td class=\"column-3\">Cauca<\/td><td class=\"column-4\">Industria<\/td>\n<\/tr>\n<tr class=\"row-29 odd\">\n\t<td class=\"column-1\">28<\/td><td class=\"column-2\">Renault Sofasa<\/td><td class=\"column-3\">Antioquia<\/td><td class=\"column-4\">Industria<\/td>\n<\/tr>\n<tr class=\"row-30 even\">\n\t<td class=\"column-1\">29<\/td><td class=\"column-2\">Alpina Productos Alimenticios<\/td><td class=\"column-3\">Cundinamarca<\/td><td class=\"column-4\">Alimentos<\/td>\n<\/tr>\n<tr class=\"row-31 odd\">\n\t<td class=\"column-1\">30<\/td><td class=\"column-2\">Andercol Grupo Orbis<\/td><td class=\"column-3\">Antioquia<\/td><td class=\"column-4\">Industria<\/td>\n<\/tr>\n<\/tbody>\n<\/table>\n<!-- #tablepress-5 from cache -->\t\t<\/div>\n\t\t\t\t<\/div>\n\t\t\t\t\t<\/div>\n\t\t<\/div>\n\t\t\t\t\t\t\t<\/div>\n\t\t<\/section>\n\t\t\t\t\t\t\t<\/div>\n\t\t","protected":false},"excerpt":{"rendered":"<p>Las empresas m\u00e1s innovadoras de Colombia\u200b En Colombia poco se le mide el pulso a la innovaci\u00f3n empresarial. Innpulsa Colombia, por ejemplo, premi\u00f3 hace un par de meses a la startup m\u00e1s innovadora del pa\u00eds, la galardonada fue Glasst Innovation Company, una empresa dedicada a crear materiales sostenibles con la idea de que la construcci\u00f3n [&hellip;]<\/p>\n","protected":false},"author":3,"featured_media":0,"parent":0,"menu_order":0,"comment_status":"closed","ping_status":"closed","template":"elementor_header_footer","meta":{"footnotes":""},"yoast_head":"<!-- This site is optimized with the Yoast SEO plugin v21.2 - https:\/\/yoast.com\/wordpress\/plugins\/seo\/ -->\n<title>Empresas Innovadoras de Colombia - Visi\u00f3n Estrat\u00e9gica l El Colombiano<\/title>\n<meta name=\"robots\" content=\"index, follow, max-snippet:-1, max-image-preview:large, max-video-preview:-1\" \/>\n<link rel=\"canonical\" href=\"https:\/\/visionestrategica.elcolombiano.com\/index.php\/empresas-innovadoras-de-colombia\/\" \/>\n<meta property=\"og:locale\" content=\"es_ES\" \/>\n<meta property=\"og:type\" content=\"article\" \/>\n<meta property=\"og:title\" content=\"Empresas Innovadoras de Colombia - Visi\u00f3n Estrat\u00e9gica l El Colombiano\" \/>\n<meta property=\"og:description\" content=\"Las empresas m\u00e1s innovadoras de Colombia\u200b En Colombia poco se le mide el pulso a la innovaci\u00f3n empresarial. Innpulsa Colombia, por ejemplo, premi\u00f3 hace un par de meses a la startup m\u00e1s innovadora del pa\u00eds, la galardonada fue Glasst Innovation Company, una empresa dedicada a crear materiales sostenibles con la idea de que la construcci\u00f3n [&hellip;]\" \/>\n<meta property=\"og:url\" content=\"https:\/\/visionestrategica.elcolombiano.com\/index.php\/empresas-innovadoras-de-colombia\/\" \/>\n<meta property=\"og:site_name\" content=\"Visi\u00f3n Estrat\u00e9gica l El Colombiano\" \/>\n<meta property=\"article:modified_time\" content=\"2022-07-24T16:33:36+00:00\" \/>\n<meta name=\"twitter:card\" content=\"summary_large_image\" \/>\n<meta name=\"twitter:label1\" content=\"Tiempo de lectura\" \/>\n\t<meta name=\"twitter:data1\" content=\"2 minutos\" \/>\n<script type=\"application\/ld+json\" class=\"yoast-schema-graph\">{\"@context\":\"https:\/\/schema.org\",\"@graph\":[{\"@type\":\"WebPage\",\"@id\":\"https:\/\/visionestrategica.elcolombiano.com\/index.php\/empresas-innovadoras-de-colombia\/\",\"url\":\"https:\/\/visionestrategica.elcolombiano.com\/index.php\/empresas-innovadoras-de-colombia\/\",\"name\":\"Empresas Innovadoras de Colombia - Visi\u00f3n Estrat\u00e9gica l El Colombiano\",\"isPartOf\":{\"@id\":\"https:\/\/visionestrategica.elcolombiano.com\/#website\"},\"datePublished\":\"2022-07-20T01:15:38+00:00\",\"dateModified\":\"2022-07-24T16:33:36+00:00\",\"breadcrumb\":{\"@id\":\"https:\/\/visionestrategica.elcolombiano.com\/index.php\/empresas-innovadoras-de-colombia\/#breadcrumb\"},\"inLanguage\":\"es\",\"potentialAction\":[{\"@type\":\"ReadAction\",\"target\":[\"https:\/\/visionestrategica.elcolombiano.com\/index.php\/empresas-innovadoras-de-colombia\/\"]}]},{\"@type\":\"BreadcrumbList\",\"@id\":\"https:\/\/visionestrategica.elcolombiano.com\/index.php\/empresas-innovadoras-de-colombia\/#breadcrumb\",\"itemListElement\":[{\"@type\":\"ListItem\",\"position\":1,\"name\":\"Home\",\"item\":\"https:\/\/visionestrategica.elcolombiano.com\/\"},{\"@type\":\"ListItem\",\"position\":2,\"name\":\"Empresas Innovadoras de Colombia\"}]},{\"@type\":\"WebSite\",\"@id\":\"https:\/\/visionestrategica.elcolombiano.com\/#website\",\"url\":\"https:\/\/visionestrategica.elcolombiano.com\/\",\"name\":\"Visi\u00f3n Estrat\u00e9gica l El Colombiano\",\"description\":\"Visi\u00f3n Estrat\u00e9gica l El Colombiano\",\"publisher\":{\"@id\":\"https:\/\/visionestrategica.elcolombiano.com\/#organization\"},\"potentialAction\":[{\"@type\":\"SearchAction\",\"target\":{\"@type\":\"EntryPoint\",\"urlTemplate\":\"https:\/\/visionestrategica.elcolombiano.com\/?s={search_term_string}\"},\"query-input\":\"required name=search_term_string\"}],\"inLanguage\":\"es\"},{\"@type\":\"Organization\",\"@id\":\"https:\/\/visionestrategica.elcolombiano.com\/#organization\",\"name\":\"Visi\u00f3n Estrat\u00e9gica l El Colombiano\",\"url\":\"https:\/\/visionestrategica.elcolombiano.com\/\",\"logo\":{\"@type\":\"ImageObject\",\"inLanguage\":\"es\",\"@id\":\"https:\/\/visionestrategica.elcolombiano.com\/#\/schema\/logo\/image\/\",\"url\":\"https:\/\/visionestrategica.elcolombiano.com\/wp-content\/uploads\/2022\/07\/cropped-Recurso-1-1.png\",\"contentUrl\":\"https:\/\/visionestrategica.elcolombiano.com\/wp-content\/uploads\/2022\/07\/cropped-Recurso-1-1.png\",\"width\":288,\"height\":107,\"caption\":\"Visi\u00f3n Estrat\u00e9gica l El Colombiano\"},\"image\":{\"@id\":\"https:\/\/visionestrategica.elcolombiano.com\/#\/schema\/logo\/image\/\"}}]}<\/script>\n<!-- \/ Yoast SEO plugin. -->","yoast_head_json":{"title":"Empresas Innovadoras de Colombia - Visi\u00f3n Estrat\u00e9gica l El Colombiano","robots":{"index":"index","follow":"follow","max-snippet":"max-snippet:-1","max-image-preview":"max-image-preview:large","max-video-preview":"max-video-preview:-1"},"canonical":"https:\/\/visionestrategica.elcolombiano.com\/index.php\/empresas-innovadoras-de-colombia\/","og_locale":"es_ES","og_type":"article","og_title":"Empresas Innovadoras de Colombia - Visi\u00f3n Estrat\u00e9gica l El Colombiano","og_description":"Las empresas m\u00e1s innovadoras de Colombia\u200b En Colombia poco se le mide el pulso a la innovaci\u00f3n empresarial. Innpulsa Colombia, por ejemplo, premi\u00f3 hace un par de meses a la startup m\u00e1s innovadora del pa\u00eds, la galardonada fue Glasst Innovation Company, una empresa dedicada a crear materiales sostenibles con la idea de que la construcci\u00f3n [&hellip;]","og_url":"https:\/\/visionestrategica.elcolombiano.com\/index.php\/empresas-innovadoras-de-colombia\/","og_site_name":"Visi\u00f3n Estrat\u00e9gica l El Colombiano","article_modified_time":"2022-07-24T16:33:36+00:00","twitter_card":"summary_large_image","twitter_misc":{"Tiempo de lectura":"2 minutos"},"schema":{"@context":"https:\/\/schema.org","@graph":[{"@type":"WebPage","@id":"https:\/\/visionestrategica.elcolombiano.com\/index.php\/empresas-innovadoras-de-colombia\/","url":"https:\/\/visionestrategica.elcolombiano.com\/index.php\/empresas-innovadoras-de-colombia\/","name":"Empresas Innovadoras de Colombia - Visi\u00f3n Estrat\u00e9gica l El Colombiano","isPartOf":{"@id":"https:\/\/visionestrategica.elcolombiano.com\/#website"},"datePublished":"2022-07-20T01:15:38+00:00","dateModified":"2022-07-24T16:33:36+00:00","breadcrumb":{"@id":"https:\/\/visionestrategica.elcolombiano.com\/index.php\/empresas-innovadoras-de-colombia\/#breadcrumb"},"inLanguage":"es","potentialAction":[{"@type":"ReadAction","target":["https:\/\/visionestrategica.elcolombiano.com\/index.php\/empresas-innovadoras-de-colombia\/"]}]},{"@type":"BreadcrumbList","@id":"https:\/\/visionestrategica.elcolombiano.com\/index.php\/empresas-innovadoras-de-colombia\/#breadcrumb","itemListElement":[{"@type":"ListItem","position":1,"name":"Home","item":"https:\/\/visionestrategica.elcolombiano.com\/"},{"@type":"ListItem","position":2,"name":"Empresas Innovadoras de Colombia"}]},{"@type":"WebSite","@id":"https:\/\/visionestrategica.elcolombiano.com\/#website","url":"https:\/\/visionestrategica.elcolombiano.com\/","name":"Visi\u00f3n Estrat\u00e9gica l El Colombiano","description":"Visi\u00f3n Estrat\u00e9gica l El Colombiano","publisher":{"@id":"https:\/\/visionestrategica.elcolombiano.com\/#organization"},"potentialAction":[{"@type":"SearchAction","target":{"@type":"EntryPoint","urlTemplate":"https:\/\/visionestrategica.elcolombiano.com\/?s={search_term_string}"},"query-input":"required name=search_term_string"}],"inLanguage":"es"},{"@type":"Organization","@id":"https:\/\/visionestrategica.elcolombiano.com\/#organization","name":"Visi\u00f3n Estrat\u00e9gica l El Colombiano","url":"https:\/\/visionestrategica.elcolombiano.com\/","logo":{"@type":"ImageObject","inLanguage":"es","@id":"https:\/\/visionestrategica.elcolombiano.com\/#\/schema\/logo\/image\/","url":"https:\/\/visionestrategica.elcolombiano.com\/wp-content\/uploads\/2022\/07\/cropped-Recurso-1-1.png","contentUrl":"https:\/\/visionestrategica.elcolombiano.com\/wp-content\/uploads\/2022\/07\/cropped-Recurso-1-1.png","width":288,"height":107,"caption":"Visi\u00f3n Estrat\u00e9gica l El Colombiano"},"image":{"@id":"https:\/\/visionestrategica.elcolombiano.com\/#\/schema\/logo\/image\/"}}]}},"_links":{"self":[{"href":"https:\/\/visionestrategica.elcolombiano.com\/index.php\/wp-json\/wp\/v2\/pages\/1010"}],"collection":[{"href":"https:\/\/visionestrategica.elcolombiano.com\/index.php\/wp-json\/wp\/v2\/pages"}],"about":[{"href":"https:\/\/visionestrategica.elcolombiano.com\/index.php\/wp-json\/wp\/v2\/types\/page"}],"author":[{"embeddable":true,"href":"https:\/\/visionestrategica.elcolombiano.com\/index.php\/wp-json\/wp\/v2\/users\/3"}],"replies":[{"embeddable":true,"href":"https:\/\/visionestrategica.elcolombiano.com\/index.php\/wp-json\/wp\/v2\/comments?post=1010"}],"version-history":[{"count":53,"href":"https:\/\/visionestrategica.elcolombiano.com\/index.php\/wp-json\/wp\/v2\/pages\/1010\/revisions"}],"predecessor-version":[{"id":1670,"href":"https:\/\/visionestrategica.elcolombiano.com\/index.php\/wp-json\/wp\/v2\/pages\/1010\/revisions\/1670"}],"wp:attachment":[{"href":"https:\/\/visionestrategica.elcolombiano.com\/index.php\/wp-json\/wp\/v2\/media?parent=1010"}],"curies":[{"name":"wp","href":"https:\/\/api.w.org\/{rel}","templated":true}]}}